is the value of (2 - 0) + -7 + (-4 - -6)?
-3
Calculate (14 - 4 - 12) + -2 + -2.
-6
Calculate -4 - (2 - 1) - (-2 + 0).
-3
(3 - 8) + (1 - (6 + -3))
-7
What is 8 + -8 + 1 + 1 + 3?
5
What is -1 - (2 + 12) - (62 + -67)?
-10
Calculate -5 + -1 + (-3 - -4 - -2).
-3
What is 28 + -27 + (4 - 1 - 0)?
4
Evaluate 3 + -3 + 2 + 0 + -2.
0
-2 - -1 - -2 - (-2 - 0)
3
(3 - 0 - 0) + -38 + 39
4
Calculate 0 + -2 + 1 + (-1 - -1).
-1
What is -3 + 6 - (2 + 0 + 7)?
-6
-46 + 47 - (11 + -2 - 1)
-7
What is the value of (9 - (0 + -2)) + 1 + -4?
8
Evaluate 0 - -2 - (20 + -17).
-1
What is the value of (-8 - -6) + -3 + 1?
-4
Evaluate -1 + 2 - (1 - -5 - 10).
5
What is -3 + -5 - (-23 + 23)?
-8
0 + 0 + -4 + 5
1
Calculate (1 - 3) + -1 - (9 + -13).
1
Evaluate -7 + (0 + 0 - (-10 + 9)).
-6
Evaluate -10 - (-6 + (-19 - -10)).
5
What is the value of 6 - (-4 + (4 - 3) + 6)?
3
What is the value of -9 + 1 + 10 + 1?
3
7 - 12 - (3 + -14)
6
What is 3 - ((2 - (1 - 1)) + -2)?
3
Calculate -1 + 16 + -4 + -3.
8
What is the value of 2 - (-3 - -5) - -4?
4
Calculate 9 + (-5 - (1 - (-1 + 4))).
6
20 + -17 + (-1 - -1)
3
-3 + 1 + -3 + 4 + 0
-1
Calculate (2 - 7 - (0 - 3)) + 0.
-2
Calculate (10 - 2) + -3 + 2 + -2.
5
What is the value of 9 + 1 + (-4 - 1)?
5
-5 - (-10 + -1 - -4)
2
What is the value of 3 + 3 + -1 - (-1 - -2)?
4
What is (-10 - -3) + 9 + -4?
-2
-2 - -9 - 2 - 1
4
What is the value of 3 + (-4 - 4) - -5?
0
What is the value of -2 + -2 + 1 + (-15 - -12)?
-6
(5 - 10) + 12 - -3
10
(-2 - (3 + -1)) + 2 + -3
-5
Calculate (-2 - -2) + (9 - (4 + 1)).
4
Evaluate 3 + -9 + 7 - 5.
-4
Evaluate 5 - (-1 + 1 + 5 - 2).
2
Evaluate -3 + 5 + -4 - 1.
-3
What is -19 + (-8 - (-13 - 6))?
-8
What is 25 + -21 - (8 + 3)?
-7
(-1 - 2) + (-2 - -3) - 2
-4
What is -13 - (-3 - (-10 + 13))?
-7
What is the value of 2 - ((4 + -1 - 2) + 6)?
-5
Calculate (-11 - -11) + (1 - 2).
-1
Calculate -4 - (-12 + 10 + -5).
3
Calculate (5 - 0) + (-20 - -14).
-1
What is the value of 2 - (15 - 16 - (-6 - -1))?
-2
What is the value of 1 - (-9 + 7 - -1)?
2
What is -5 + (0 - -2) - 0?
-3
Evaluate -9 - -2 - (-1 + (-1 - 1)).
-4
Evaluate 0 + (4 - (-2 + (3 - 0))).
3
What is the value of 1 + -4 - (-7 + (2 - -6))?
-4
Evaluate -9 + 13 - (0 + 4).
0
7 + -1 - (18 - 17)
5
What is the value of -3 - (3 - (2 + 1))?
-3
Calculate -7 + 3 + 4 + (-1 - -1).
0
What is the value of (-8 - -3) + 5 - (-4 - 1)?
5
What is 7 + -2 + -1 - 9?
-5
0 - (-5 + (6 - 1) - 6)
6
-1 - 5 - (5 + -8)
-3
What is -8 - (4 + (-1 - 2) - 2)?
-7
3 + -2 + (2 - 1) - 0
2
2 - (-3 + 11 + -1 + -5)
0
Calculate -11 - (1 + -7 - 0).
-5
What is the value of (3 - -3) + (-3 - -5) + -3?
5
Evaluate -1 + -1 + (0 - -2) + 2.
2
What is -6 - (-3 - 5) - 4?
-2
-1 - (5 + (-6 - -4))
-4
What is -1 + 9 + -8 + -3 + 2?
-1
Calculate -1 + -13 - -5 - -4.
-5
What is the value of -1 - -10 - (3 - -7 - 9)?
8
2 + -4 - (-8 - -7)
-1
3 + 1 + -1 + 1
4
Calculate -1 + 11 + -3 - 1.
6
What is the value of (4 - -4) + (3 - 16)?
-5
Calculate -13 - (-4 + 1) - -5.
-5
Calculate 5 - (-2 - -3) - (-1 - -1).
4
What is the value of (-3 - (-2 - -2)) + (-3 - -1)?
-5
Evaluate 2 + -4 + (-3 + 2 - -7).
4
Evaluate (-1 - 0) + -86 + 86.
-1
What is the value of -4 + (-1 - (2 + -3))?
-4
What is the value of -2 + -2 + -3 + 2 + 5?
0
What is 2 + 10 - (12 - 2)?
2
-2 - (-8 + (0 - 0))
6
Calculate (-10 - -18) + -8 - (2 + 2).
-4
0 + -5 - (4 - (-6 + 12))
-3
What is the value of -1 + 1 - (6 + -7)?
1
-7 + (15 - 6) - (-1 + 3)
0
What is the value of -8 + 7 + (-4 - (9 + -8))?
-6
What is 5 - (3 - (4 + -3))?
3
Evaluate 7 + (2 - 16 - -7) + 6.
6
Evaluate 1 - (-2 - (2 + 0)).
5
-3 - -4 - (-4 - -9)
-4
Evaluate 0 - ((-4 - -4) + 3).
-3
-3 + (0 - 1) - (44 - 45)
-3
Evaluate -1 + -4 - (-1 + 2).
-6
What is the value of -6 + 15 + (13 - 23)?
-1
What is -5 + (5 - (6 + -4))?
-2
-32 + 25 + 2 + 1 + -1
-5
-3 + 9 - (2 + -8 - -7)
5
Calculate (-1 - 2) + -4 + 0.
-7
(5 - 0) + 5 - 7
3
Evaluate 1 - (4 + 2 - 2).
-3
What is the value of -3 - (3 + (-7 - 3))?
4
6 - 15 - (1 + -5)
-5
Calculate 2 + -2 - (-10 - (-1 - 5)).
4
What is the value of (-5 - -8 - 7) + 10?
6
Calculate (2 - 2) + -16 + 15.
-1
What is the value of 1 - ((-1 - 3) + 8)?
-3
Calculate -3 + (-3 - (3 + -3)) - -1.
-5
Calculate 4 + (-5 - -5 - 3).
1
What is 1 + 1 - 1 - (-195 + 196)?
0
Calculate -7 + -1 + 26 + -7 + 0.
11
What is -1 + 3 + -3 - 1?
-2
What is -2 + 3 + 1 + 0 + 2?
4
Evaluate -1 + 10 + -3 + -6 + 0.
0
Evaluate 3 - 1 - (5 - 3).
0
7 - (2 + 1) - 3
1
Calculate 0 - -2 - 16 - -9.
-5
What is the value of 10 + 0 + 1 - (2 - -3)?
6
Evaluate 3 - (1 + 6 + 0).
-4
Evaluate 14 + 11 + -24 + -2.
-1
What is -8 - (0 + -4) - -7?
3
Evaluate 7 + -18 + (2 - 0).
-9
5 + (-13 - 0) + 0 + 3
-5
-2 - (-2 + -3 - -3 - -1)
-1
What is 24 + -23 - (0 - (-1 - 4))?
-4
Calculate 7 + (-2 - 5) + 1.
1
What is -5 + (5 - ((2 - 4) + 7))?
-5
Calculate (-2 - 4) + (0 - -2) + 1.
-3
Evaluate (2 - (-1 - -2)) + (-165 - -156).
-8
-2 + (4 - 15 - -7)
-6
-13 + (15 - -7 - 10)
-1
Evaluate -2 + (0 - (2 - 4)).
0
What is -4 - (-7 + -1 - -1) - 2?
1
What is the value of -5 - (-5 - -8 - 9 - -4)?
-3
What is -5 + (-4 + 0 - -14)?
5
5 + -8 - (-3 + 0)
0
Evaluate (86 - 81) + 2 + 1 + -3.
5
What is -10 + 1 + 2 + 29 + -20?
2
Calculate 3 + -4 - 4 - (-2 - 3).
0
Calculate -11 + (14 - -1) - (0 - 3).
7
What is (-10 - 0) + (21 - 4)?
7
What is the value of 2 + -6 + 4 + -1?
-1
What is the value of (3 - 0 - -3) + 0 + -2?
4
What is (3 - 4) + (5 - (-1 + 5))?
0
Calculate -1 + 3 - (-2 - (-1 + -6)).
-3
What is the value of 5 - (5 + 1) - 2?
-3
Calculate -9 - (-25 + 6 + 9).
1
Calculate (11 - 5) + (-2 - 10).
-6
Calculate -2 + 0 - (-7 + 1 - 1).
5
(-9 - 2) + 2 + -3 + 5
-7
0 - (4 + -10 - -4)
2
What is the value of -1 + -7 - (-7 + 2)?
-3
Calculate 13 + -14 - (0 + 4 - -1).
-6
What is the value of -2 + -1 + -1 - -3?
-1
Calculate 3 + (-4 + 5 - 8).
-4
What is the value of 1 + 1 + 2 + -6?
-2
-2 - (-3 - (5 - (10 - 1)))
-3
Calculate 2 + (-3 - -3) + -6.
-4
What is the value of 1 + -2 + 1 + -1?
-1
16 + -3 - (-7 + 16)
4
Calculate (-34 - -32) + (0 - 1 - 2).
-5
What is the value of (7 + 1 - (4 + -1)) + -4?
1
What is the value of 0 + -13 - (18 - 26)?
-5
0 + 0 - ((2 - -4) + -9)
3
Evaluate -1 + (3 + -8 - -4).
-2
What is 102 - 86 - (0 + 14)?
2
What is 1 + 0 + (-137 - -144)?
8
2 - 7 - (-12 + 2)
5
What is 1 - (-9 + 8 + -2)?
4
What is -1 + 2 + (-140 - -132)?
-7
What is the value of 5 - (2 - 1) - 1?
3
(5 - 13) + 5 + -1
-4
What is -5 - (-9 - (1 + (-2 - 1)))?
2
4 - (9 + -5 - 6)
6
Calculate -1 - -3 - (0 - (-2 + 2)).
2
Calculate (1 - 1 - -4) + (50 - 52).
2
What is the value of -4 - (0 - 3 - 0 - -5)?
-6
Evaluate (-5 - 0) + (-8 - -7) - -7.
1
Evaluate (-64 - -68) + -3 + (0 - 1).
0
0 + (-2 - (-7 - -9))
-4
What is the value of -3 - (-3 - 1 - -2 - -3)?
-4
What is (5 - 4 - 0 - -4) + -1?
4
What is (-11 - (3 + 3 + -6)) + 5?
-6
Evaluate 3 + (-7 + 7 - 0).
3
What is the value of 6 + -1 - (12 - 23 - -9)?
7
Calculate -3 + (0 - 2) + 1 + 1.
-3
1 + 1 - ((-1 - -7) + -6)
2
Evaluate -12 + (-7 - -13) + 2.
-4
What is 18 - 3 - (-11 - -12 - -6)?
8
Calculate (-4 + -4 - -8) + -10.
-10
15 - 12 - (0 + 0 + 1)
2
What is (-5 - 1) + -2 - -3?
-5
Evaluate (-5 - (-6 + 3)) + 1 + 6.
5
What is (-2 - 3) + -2 - (6 + -18)?
5
0 - 3 - (-3 + -3)
3
Evaluate 9 - (-13 - -37) - -8.
-7
Calculate 2 + 1 + (3 - (2 - -2)).
2
3 + -2 - (0 + -1)
2
What is the value of (-2 - -6) + (8 - 4)?
8
What is the value of 2 - (7 + 6 - (1 + 3))?
-7
153 - 147 - (0 - (-5 - -1))
2
Calculate 1 - -1 - (-1 + (1 - -3)).
-1
4 + -21 + 11 + 0
-6
Evaluate 25 + -48 + -1 + 15.
-9
What is -23 - -18 - (-1 + 1 + -4)?
-1
Evaluate (-3 - (-4 + 1 + -3)) + -4.
-1
What is the value of (0 - -9) + (-37 - -26)?
-2
What is -4 + -4 + 5 - (-2 + 0)?
-1
What is the value of -4 + (3 - (-6 - -6))?
-1
Evaluate 6 + -9 + 5 - (3 - 2).
1
Calculate -3 + 1 + 2 + -2 + -3.
-5
Evaluate -10 + 6 - (0 - 4).
0
Calculate 0 + 0 + (-4 - -8).
4
What is (5 - (-2 + 5 + -1)) + 0?
3
-6 - ((-9 - -14) + (-3 - 5))
-3
Evaluate 5 + -5 + -3 - 2.
-5
What is the value of (2 - -4) + (-18 - -13)?
1
-10 + -2 + 7 + 4
-1
What is the value of -3 - (4 - 5 - 0)?
-2
Calculate 3 + (5 + 3 - 5) + -2.
4
-3 - -1 - (6 + -2 + 0)
-6
(8 + 2 - 14) + -2
-6
What is the value of -1 + 9 - -2 - (66 - 65)?
9
What is the value of 1 + -3 - 3 - (-5 + 3)?
-3
Evaluate 0 + ((7 - 4) + -2 - 4).
-3
3 + -2 + (-2 - -3) - -2
4
What is the value of (3 + 1 - (2 + -4)) + -5?
1
Calculate 3 + -1 + -3 + 10 + -5.
4
Evaluate (-10